 = -2*n**3 + 44*n**2 - 39*n - 60. Calculate w(21).
3
Let x(k) = -k**3 + 28*k**2 - 52*k + 4. Calculate x(26).
4
Let d(o) = -3*o**3 + 50*o**2 - 37*o + 63. Calculate d(16).
-17
Let c(l) = -l**3 - 52*l**2 - 145*l + 6. Determine c(-49).
-92
Let i(n) = n**3 - 20*n**2 - 130*n + 132. What is i(25)?
7
Let w(t) = -5*t - 40. What is w(-4)?
-20
Let t(k) = -4*k**3 - 56*k**2 - 59*k - 11. What is t(-13)?
80
Let h(i) = -i**3 + 41*i**2 - 44*i + 161. Calculate h(40).
1
Let h(f) = -3634*f + 3625. Determine h(1).
-9
Let a(c) = -c**2 + 57*c - 482. What is a(16)?
174
Let n(z) = z + 980. Calculate n(-60).
920
Let c(n) = -656*n + 2624. What is c(4)?
0
Let v(a) = 13*a**2 + 10*a + 3. Calculate v(-1).
6
Let t(l) = -37*l - 695. Determine t(-35).
600
Let o(x) = -1426*x + 2845. What is o(2)?
-7
Let q(j) = -j**2 - 24*j - 92. Calculate q(-19).
3
Let b(n) = -1905*n - 24767. Give b(-13).
-2
Let v(j) = -25*j**2 - 67. Calculate v(0).
-67
Let p(i) = 51*i + 1409. Calculate p(-28).
-19
Let a(h) = -4*h**2 + 17*h + 608. Determine a(-11).
-63
Let c(p) = 2*p**3 + 22*p**2 - 23*p + 4. Determine c(-12).
-8
Let z(s) = s**3 - 12*s**2 - 60*s - 35. Determine z(16).
29
Let l(n) = -n**3 - 16*n**2 - 58*n + 1. Determine l(-13).
248
Let b(q) = q**3 - 18*q**2 - 50*q + 201. Determine b(20).
1
Let z(t) = t**3 - 20*t**2 - 47*t + 54. What is z(22)?
-12
Let t(d) = 109*d**2 + 4*d - 4. Determine t(1).
109
Let a(y) = -4*y**2 + 165*y - 480. Determine a(38).
14
Let r(u) = -143*u - 7302. Calculate r(-51).
-9
Let c(q) = q**2 - 4*q + 210. Calculate c(13).
327
Let t(p) = 86*p + 3443. What is t(-40)?
3
Let x(k) = 2*k**3 - 121*k**2 + 59*k + 61. What is x(60)?
1
Let j(b) = 333*b - 8943. What is j(27)?
48
Let r(n) = -87*n - 444. What is r(-11)?
513
Let x(h) = -9*h**3 + 7*h**2 - 5*h - 8. What is x(3)?
-203
Let f(u) = -2*u**3 + 125*u**2 + 115*u - 3247. Give f(63).
29
Let q(n) = -n**3 + 6*n**2 + 8*n - 5. What is q(7)?
2
Let c(y) = 379*y - 742. Calculate c(2).
16
Let l(a) = -4*a**2 - 93*a + 265. Give l(-26).
-21
Let g(u) = 106*u + 12065. Calculate g(-114).
-19
Let j(u) = -2*u**3 - 137*u**2 + 75*u + 404. Give j(-69).
-10
Let k(w) = -w**3 - 15*w**2 - 66*w - 96. What is k(-8)?
-16
Let w(b) = b**2 + 9*b - 51. Give w(-14).
19
Let d(y) = -597*y - 57910. Give d(-97).
-1
Let u(h) = -4*h**2 + 192*h - 2217. Calculate u(30).
-57
Let g(d) = -2*d**2 - 720*d - 6391. What is g(-9)?
-73
Let j(u) = -3*u**2 - 6*u - 38. Give j(-4).
-62
Let v(k) = 39*k - 52. What is v(-2)?
-130
Let n(x) = 1639*x + 4905. Calculate n(-3).
-12
Let u(w) = 3*w**3 + 8*w**2 + 21*w + 43. Determine u(-5).
-237
Let b(x) = -257*x**2 + 14393*x - 62. What is b(56)?
-6
Let s(v) = -v**3 - 70*v**2 - 203*v - 117. What is s(-67)?
17
Let u(f) = -2*f**3 + 9*f**2 + 3*f - 1. Calculate u(5).
-11
Let h(r) = -3*r**3 + 122*r**2 + 45*r - 171. Give h(41).
-7
Let k(z) = 41*z - 48. What is k(6)?
198
Let b(o) = 2*o**3 + 13*o**2 + 16*o - 24. Give b(-4).
-8
Let y(r) = 3*r**2 - 87*r - 59. What is y(29)?
-59
Let c(r) = 37*r - 1900. Determine c(51).
-13
Let d(p) = 44*p + 6734. Calculate d(-153).
2
Let g(n) = 298*n - 290. Give g(1).
8
Let f(z) = 70*z**3 + z**2 - z. Calculate f(-1).
-68
Let p(g) = -g**3 + 20*g**2 + 54*g - 1097. Calculate p(19).
290
Let b(u) = -u**3 + 102*u**2 - 103*u + 156. Determine b(101).
-46
Let l(s) = -2*s**2 - 1659*s - 1656. What is l(-1)?
1
Let v(k) = -9*k**2 - 567*k + 5. Give v(-63).
5
Let f(k) = 91*k + 1350. Give f(-15).
-15
Let n(v) = -v**3 - 20*v**2 + 108*v + 909. Give n(-23).
12
Let o(p) = -69*p**3 - 91*p - 91. Calculate o(-1).
69
Let n(s) = -4*s**2 + 116*s - 483. Give n(24).
-3
Let j(x) = 2*x**2 + 66*x - 2877. Calculate j(-58).
23
Let o(k) = -19*k**2 - 5*k + 154. Determine o(-3).
-2
Let l(g) = -465*g - 268. Give l(-2).
662
Let s(r) = -r**2 + 1675*r - 14992. What is s(9)?
2
Let p(s) = 14*s - 130. Give p(11).
24
Let h(c) = 940*c + 4662. Give h(-5).
-38
Let p(c) = c**3 + 103*c**2 + 2403*c + 808. Give p(-35).
3
Let v(c) = 4*c + 76. Determine v(-4).
60
Let g(u) = 12*u**3 + u**2 - 5*u - 4. Give g(-1).
-10
Let w(l) = l**2 + 14*l + 64. Calculate w(-16).
96
Let d(a) = -4*a**3 + 210*a**2 - 497*a - 144. Determine d(50).
6
Let h(b) = 7*b**3 - 309*b**2 - 275*b + 181. Calculate h(45).
-44
Let c(w) = 5*w**2 + 812*w + 2394. Calculate c(-3).
3
Let j(n) = -442*n + 83542. What is j(189)?
4
Let y(z) = -z**2 + 11*z - 237. Determine y(0).
-237
Let m(j) = -36*j + 47. Give m(-4).
191
Let x(k) = k**2 + 73*k + 1124. Give x(-51).
2
Let b(d) = 107*d**3 - d**2 - 5*d + 2. Calculate b(-2).
-848
Let k(x) = 10*x**2 - 109*x - 26. Calculate k(11).
-15
Let s(t) = t**2 + 179*t + 2291. Give s(-14).
-19
Let d(x) = 2*x**2 - 17*x - 165. Calculate d(-6).
9
Let d(z) = -137*z + 399. Calculate d(4).
-149
Let r(t) = 80*t - 125. Calculate r(-1).
-205
Let d(n) = 636*n + 625. Calculate d(-1).
-11
Let r(i) = 3*i + 12. Calculate r(3).
21
Let a(f) = 2*f**2 + 2*f - 22. Give a(6).
62
Let t(g) = -10*g**2 + 12*g - 10. What is t(1)?
-8
Let o(f) = 4*f**2 + 20*f + 6. Give o(-5).
6
Let o(c) = -187*c**2 + 756*c - 24. What is o(4)?
8
Let r(q) = -18*q**2 + 258*q + 176. Determine r(15).
-4
Let u(x) = -103*x + 402. Determine u(4).
-10
Let k(h) = -190*h + 568. Calculate k(3).
-2
Let u(q) = 91*q + 1430. Give u(-16).
-26
Let c(f) = -2*f**2 - 56*f - 104. Give c(-25).
46
Let s(v) = v**3 - 65*v**2 + 117*v + 577. What is s(63)?
10
Let y(x) = 2*x - 5. Give y(7).
9
Let l(p) = -318*p - 3477. What is l(-11)?
21
Let k(l) = 2*l**2 - 82*l - 2597. Calculate k(-21).
7
Let o(t) = -2*t**2 + 43*t - 57. What is o(14)?
153
Let m(s) = -s**2 - 26*s + 1036. Determine m(-48).
-20
Let n(d) = -6*d**2 + 75*d - 67. Determine n(12).
-31
Let z(j) = 130*j + 385. Determine z(-3).
-5
Let h(p) = -4937*p + 9877. Determine h(2).
3
Let z(b) = -2*b**3 - 210*b**2 - 179*b + 3032. Determine z(-104).
16
Let u(n) = -4*n**2 - 169*n - 1558. What is u(-29)?
-21
Let f(h) = 8*h + 302. Give f(-39).
-10
Let p(u) = -3*u**3 + 5*u**2 + 20*u + 1. Calculate p(-2).
5
Let u(s) = -752*s + 12791. Determine u(17).
7
Let k(o) = -o**2 + 893*o + 3592. What is k(-4)?
4
Let p(l) = l**3 + 64*l**2 + 48*l - 987. What is p(-63)?
-42
Let t(w) = w**2 - 3*w + 5. Calculate t(0).
5
Let q(d) = 2*d**2 - 56*d - 41. What is q(29)?
17
Let p(u) = 817*u + 1629. What is p(-2)?
-5
Let f(g) = -3*g**3 - 24*g**2 - 19*g + 11. What is f(-7)?
-3
Let c(k) = 3*k**3 + 2*k**2 + 17*k + 29. Calculate c(-2).
-21
Let p(w) = w**2 + 78*w + 578. Give p(-9).
-43
Let q(w) = -3*w**3 - 185*w**2 + 390*w + 8685. Calculate q(-63).
-9
Let y(j) = -2*j**3 + 115*j**2 - 57*j + 43. Determine y(57).
43
Let f(o) = -33*o + 2768. What is f(84)?
-4
Let l(d) = 9585*d - 47945. What is l(5)?
-20
Let o(b) = 591*b + 16535. Calculate o(-28).
-13
Let r(h) = h**3 + 79*h**2 - 36*h + 3518. Determine r(-80).
-2
Let v(d) = d**3 - 173*d**2 - 342*d - 1405. Calculate v(175).
-5
Let l(s) = -210*s - 59. Give l(-1).
151
Let f(y) = -158*y + 322. Give f(2).
6
Let k(m) = 2*m - 176. Calculate k(-11).
-198
Let g(p) = 64*p + 3776. Determine g(-59).
0
Let p(m) = -91*m**2 + 166*m + 165. Give p(-1).
-92
Let t(v) = v**2 - 67*v - 124. Calculate t(-2).
14
Let y(c) = c**2 - 41*c + 227. Determine y(6).
17
Let z(v) = v**3 + 76*v**2 + 42*v - 2310. Calculate z(-75).
165
Let p(w) = w**2 + 27*w - 79. What is p(-29)?
-21
Let i(o) = -o**2 - 51*o + 492. Calculate i(8).
20
Let u(s) = -s**3 + 3*s**2 + 3*s - 2. What is u(0)?
-2
Let t(u) = u**3 - 67*u**2 + 60*u + 406. What is t(66)?
10
Let h(w) = -194*w + 1512. Calculate h(10).
-428
Let y(b) = 125*b - 2092. Give y(17).
33
Let d(a) = -8*a**2 - 51*a - 14. Give d(-6).
4
Let z(o) = -235*o**3 + o**2 - 7*o + 5. Give z(1).
-236
Let n(b) = -b**2 + 14*b - 21. Calculate n(14).
-21
Let k(d) = d**3 + 22*d**2 - 51*d - 53. What is k(-24)?
19
Let o(u) = u**2 + 28*u + 50. What is o(-11)?
-137
Let o(m) = -416*m - 7906. Calculate o(-19).
-2
Let y(c) = -23*c**3 - c**2 - 2*c - 1. What is y(-1)?
23
Let r(u) = 20*u + 502. Calculate r(-12).
262
Let a(z) = 22*z - 3256. What is a(149)?
22
Let j(n) = -n**3 + 25*n**2 - 60*n - 140. What is j(22)?
-8
Let g(y) = -y**3 - 39*y**2 + 271*y + 42. Calculate g(-45).
-3
Let m(r) = r**2 - 42*r + 501. Calculate m(36).
285
Let i(p) = 21*p + 1184. What is i(-56)?
8
Let t(l) = -12*l**3 - 17*l**2 + 9*l + 4. What is t(-2)?
14
Let i(j) = 149*j + 1230. Give i(-9).
-111
Let x(s) = 3*s + 28. Give x(-11).
-5
Let w(h) = 14*h**3 + 11